22) + 12 + 3.
37
What is the value of 37 + -26 - (1 + 60 + (-19 - -13))?
-44
What is the value of 129 + (2 - (11 + -40) - 55)?
105
What is the value of (-36 - -11) + (7 - 23) + 34?
-7
What is the value of -75 + 125 + 86 - 262?
-126
Evaluate (-1 - -21) + (47 - 97) + 20.
-10
Evaluate -1 - (-5 - 1) - (1164 + -1181).
22
4 - ((8 - 36) + 93 + -29)
-32
What is 31 - (-10 - -22 - (2 - 3) - 12)?
30
What is the value of 41 + (66 - 13 - 6 - 13)?
75
Evaluate 3 + 4 - (13 - (-7 - (-28 - (6 - -2)))).
23
Calculate (-1 + -3 - -6 - 7 - (39 + -39)) + 33.
28
What is 17 + -2 + -121 + 85 + 61?
40
What is the value of (43 - -22 - 113) + -1 + 37?
-12
Evaluate -26 - 0 - (-20 - -45 - 4 - 22 - 1).
-24
What is the value of -63 + (11 + -10 + -14 - 2) - -12?
-66
What is -26 - (-17 - 7 - -31)?
-33
Calculate 8 - ((4 - 16) + -4 + 18) - 16.
-10
What is 1 + -2 + 5 - -16 - 10 - -12?
22
(-1531 - -1495) + -2 + 45
7
Calculate -1 + 21 - (-17 - -40).
-3
14 - (-19 + -13 - -67)
-21
What is -34 + (4 - (-8 - 21))?
-1
134 + (-134 - -17) + -2 + -45 + 3
-27
What is the value of (22 + -32 - (-1 - (-6 - 12))) + -4?
-31
63 + (2 + 12 - (17 + -22 - -8))
74
What is -60 - (-74 + -1 - -29)?
-14
What is (58 - -71 - 213) + -14?
-98
Evaluate (4 - (-22 + 3 + 43 + -46)) + (-17 - -6).
15
(-36 + -14 - -3) + -76 + 14
-109
Calculate -10 - (68 + -43 + -78).
43
What is the value of (-4 - (-5 + -11 + 11)) + 145 + -13 + -6?
127
Evaluate (-14 - -19 - 0 - (5 + (-7 - -15))) + -3.
-11
What is the value of -4 - -65 - (-17 + 1 + -23 + (65 - 35))?
70
Evaluate (-2 - 0 - 55) + (15 - (-31 + 18 - -39)).
-68
Evaluate -8 + (-9 + 5 - ((-17 - -6) + 35)).
-36
What is the value of 21 + -1 + (-35 - 27 - 76) + -10?
-128
What is (-56 - -33 - -15) + 43 + (0 - 1)?
34
What is the value of (-1768 - -1704) + (32 - -1) + -36?
-67
Evaluate (-28 - -38) + -1 - (10 - -30).
-31
Calculate -3 + -11 - (423 + -466 - (7 + -1)).
35
Evaluate -2 - (-17 - -33 - 8 - 13 - 69).
72
Calculate 84 - -8 - 0 - (-16 + 49 + -24).
83
Calculate (-18 - 120) + (54 - 44) - -39.
-89
Calculate (61 - 46) + (-41 - -22).
-4
Evaluate -3 - (97 - ((-3 - 1) + (-18 - (40 + -57)))).
-105
Calculate (6 - (-14 + -13 + 33)) + -8 - -24.
16
(54 - 35 - 40) + 5
-16
Calculate 4 - 76 - 3 - (-280 - -266).
-61
-16 + (-11 + 10 - (9 + -11)) + -4
-19
What is the value of -61 - (10 + -16 + -92)?
37
Evaluate (-19 - -19) + (-42 + 1 - -2).
-39
What is 8 + 106 + -56 - (5 + -6 + 18)?
41
What is -33 - (16 - 64 - -52)?
-37
-15 + -91 + 51 + 40
-15
What is the value of 9 - ((41 - 22) + -42) - -20?
52
11 + 2 - (74 + 10 + -2 + -6)
-63
Evaluate 487 - 428 - (-41 - -1).
99
What is 0 + -67 + -10 + (-15 - (4 + -18))?
-78
Calculate -88 + -30 + -74 + 139.
-53
Calculate -19 + (20 - -12) - (6 - (-32 + -5) - 5).
-25
What is (-1 + 3 - (-14 + 34 - 12 - 20)) + 5?
19
What is the value of (-6 - -5) + 27 + -3 - (-316 - -321)?
18
-27 + -2 + -10 + (3 - 2 - (-7 + 8))
-39
What is the value of (-43 - 75 - -111) + 10 + 2 + -2?
3
Evaluate -7 - (-414 + 408 - (-3 + 3 + 59)).
58
Calculate (13 - (1 - (3 + -2))) + (239 + -165 - 85).
2
16 - (-28 + 18 + -5 - -24 - -10)
-3
-166 + (94 - 35) - -139
32
Calculate -35 + 76 + -215 + 103.
-71
Calculate (2808 - 2790) + -95 + (4 - 4).
-77
Calculate -58 - -90 - 35 - ((3 - 5) + 44) - 10.
-55
Evaluate -1 + 47 - (4 + 1 - (3 + -7)).
37
What is 59 + -36 + 27 - (5 - (2 + -8))?
39
Calculate -1309 - -1306 - (1 + -58).
54
Evaluate 1 + 35 - (-28 - (17 - ((20 - -38) + -18))).
41
Calculate -7 + 3 + 0 + 6 + 1 - (-196 - -196).
3
16 - (-26 - -3 - (-202 - -167))
4
What is the value of 179 + -185 + (11 + 7 + -13 - -94)?
93
Evaluate (-22 - (-179 + 38)) + (-22 - -1) + 3.
101
Evaluate 1 + -7 + 17 + (31 - 36) + 14.
20
-4 + 34 + -36 + 10 + (-8 - -6) - -5
7
Evaluate (15 + 8 + -11 - 15 - 0) + (-2 - -46).
41
What is (-51 - 3) + 1666 + -1651?
-39
-1 + 3 + 76 + (-57 - 5)
16
What is -18 - (5 - ((8 - -13) + -8)) - -23?
13
What is 10 - ((-9 - 2) + 1 + 0 - -14 - 38)?
44
Evaluate -24 + (1 - (-5 + -17) - 22).
-23
Evaluate -23 - (-71 + -5 - 8) - (-3 - (-2 - 12)).
50
What is 21 + (19 - (-8 - -17 - 2))?
33
What is 8 + 1 + -80 + (-6 - ((5 - 15) + 16))?
-83
Evaluate 27 + (8 - -13) + -19 + -6.
23
What is -15 + 75 + (1 - 100) - (12 - 1)?
-50
Evaluate 62 + -70 - (-1 + 0 + 2 + 34).
-43
11 + 20 - ((0 - 5) + (33 - (-25 - -59)))
37
-30 - (-115 + -41 + -5 + 33)
98
Calculate -7 + 9 + (-36 - (163 - 173 - (-1 + -9))).
-34
Calculate -141 - (-30 + -88 + 37).
-60
What is the value of 7 + -1 - (24 + -128 + 127)?
-17
Calculate -19 + (144 - -25) + -37 - (-3 + 4 - 2).
114
Evaluate (28 - -140) + -16 + -71 + 33.
114
-49 - (54 + (-137 - 3))
37
What is the value of (-57 - -92) + -6 - 55?
-26
-231 + (349 - 98) + -2 + 29
47
What is 28 - (-34 - (17 + -55 + 13) - (-19 + 1))?
19
Calculate -55 - -29 - 25 - 6.
-57
Calculate 0 + -1 - (-12 + 1 - (-1183 + 1200)).
27
What is (-16 + -1 - -44 - 12) + (8 - 5 - 6)?
12
Calculate 27 + (-8 - -14) - 9 - (-1 + -1).
26
-1 + 9 + -61 + -63 + 121
5
What is the value of (-15 - -9) + 4 + 4?
2
What is 15 - (1 + (-34 - -21) + 7)?
20
What is (-76 - -54) + (-11 - -7) + 85?
59
Calculate -8 + (40 - 50 - -37 - (0 + 0)) + -7.
12
What is -34 - (-4 + -88 - (-309 - -303))?
52
Evaluate 52 + (-57 - 32) - (-3 - 162).
128
-9 - (5 + -7) - (-24 + 53)
-36
-1 - -59 - (-1233 + 1293)
-2
Calculate -32 + 24 + 10 + 104 + -11 + -10.
85
47 + -14 - (-110 + 169)
-26
What is 2 + -61 + 26 + -3 - -4?
-32
What is the value of 59 + 19 + -18 - 15 - 10?
35
-8 + -1 + (-23 - -8 - 2)
-26
Calculate (-21 + 34 - 17) + -10 - -11.
-3
9 + (10 - -11) + -46 + 8 - (0 + -10)
2
What is -10 - (-66 + 59) - 19?
-22
What is the value of (7 - (-1 - (7 - 7))) + 25 + -23?
10
-105 - (-8 + -10) - (1 + 5 - (94 - 86))
-85
What is the value of 1 + (-5 - -3 - -4) - (-3 - -171 - 97)?
-68
What is the value of (-26 - (13 + -31)) + (-2 - (-11 + 6)) + 3?
-2
What is -9 + (-41 - (3 + -5 - 1) - (-685 - -675))?
-37
Calculate 107 + 3 + (-98 - (47 - 124)).
89
Calculate (51 - -4) + -24 - 4.
27
What is the value of (-101 - -129) + -47 + 35?
16
3 + 108 - -3 - (-118 - (-1 + -123))
108
Evaluate -110 + (126 + -19 - 87).
-90
What is -5 + 23 - (2 - 24)?
40
Evaluate 1 - 40 - (-446 - -414) - -28.
21
Evaluate -5 + (-24 - 13) - (11 + 6 + -2).
-57
What is the value of 27 + -110 + 24 + 19?
-40
Calculate -521 - -563 - ((-1 - 0) + -1 + 0 + 2).
42
What is (3 - 22) + 54 - 81?
-46
Calculate (-20 - -3) + (-370 - -377).
-10
What is (1806 - 1905) + (-4 - -3 - -24) + 3 + 0?
-73
What is the value of 27 - (174 + (-33 - 6)) - -18?
-90
Calculate (57 - 177) + 86 - -38.
4
(3 - -13) + -53 - (3 + -17)
-23
What is 3 + (-2 - -37 - (94 + -74))?
18
What is 16 + (-10 - (-14 - (-21 + 5)))?
4
What is the value of -36 - 15 - (74 + -130)?
5
(2 - 131) + 3 + (-168 + 191 - (2 + 10))
-115
Calculate (-81 - 34 - 8) + -12 + 5 + 22 - 5.
-113
Evaluate -65 + 225 - ((42 - 11) + -6).
135
What is the value of -64 - (-82 + 73 + 16)?
-71
What is -2 + -50 - (-1164 - -1128)?
-16
Evaluate -41 + 26 + -9 + (13 - 7).
-18
Evaluate (1 - -8) + 1 - (24 + -62 - -37).
11
-26 + 21 + 1 + (-1 + -11 - 3)
-19
What is -85 - -70 - ((-5 + 6 - -20) + -6 - 6)?
-24
Evaluate 48 - (31 - 24 - (14 - 8)).
47
Calculate -114 + 140 + -24 - (-2 + 22).
-18
What is -172 + (162 - 94) - -66?
-38
What is the value of -102 - (-1 + (-388 - -375 - (1 + -4)))?
-91
What is 3238 - 3205 - (-2 - -37)?
-2
What is the value of 6 - (3 + -9 + 17 + 2)?
-7
Evaluate (44 - (102 + -103)) + 73.
118
Evaluate -5 - (-314 + 350 + -16 + -4).
-21
Calculate -2 + 1 + (-16 - -17) + 13 - (-4 - 79).
96
Calculate (-152 - 15 - -20) + 84.
-63
What is -21 - -13 - ((-21 - 19) + 2)?
30
What is the value of -132 + (6 - (33 + (26 - 3 - 48)))?
-134
Calculate 28 - (2 - ((13 - 12) + -8 + 8)).
27
(73 + 100 - 129) + 37
81
Evaluate 1 - (-9 + 1 - -63 - (-12 + 8 - 1)).
-59
(-3901 - -3966) + (-1 - 98)
-34
Evaluate 105 - 113 - (-3 - 6).
1
Calculate 17 + -17 + (-137 - -178).
41
What is (-7 - (-7 + 26)) + (765 - 758)?
-19
Evaluate -68 + -4 - (-157 + 117).
-32
(-200 - (-43 - 163)) + 67 + (-2 - -1)
72
11 + (-1 - (-3 + 8)) + (29 - (-12 - 5))
51
What is the value of 4 + -1 + -1 - (-10 - (-6 + 27 + -7))?
26
What is 4 + 3 - (-8 - (20 + -39)) - -2?
-2
What is -66 - -58 - (-38 - -76)?
-46
What is -30136 + 30070 + (-3 - -1) + 21 + 1?
-46
What is 78 + (-4 - (-20 - -5 - -29) - -2)?
62
Evaluate (9563 - 9623) + -38 + (-3 - 0).
-101
What is the va